 = 4*w - 36. Suppose -w = 2*k - 5*k. Let j(t) = t + 4. Give j(k).
7
Let r(y) be the first derivative of -y**2/2 + 4*y + 1. Let z = 785 + -781. Determine r(z).
0
Suppose -s = -5*y + 4*s - 25, -2*y + 3*s - 15 = 0. Suppose -5*h + 15 = 2*n, 3*n = 5*h + 4 + 31. Suppose y = -3*a + a - n. Let u(j) = 2*j + 3. Calculate u(a).
-7
Let r(w) = -2*w. Suppose 13*i + 46 + 58 = 0. Calculate r(i).
16
Suppose 0 = -2*n + 4*n + 12. Let c(k) = -3*k - 14. Let m be c(n). Let r(w) = 0 - 7*w + 2 + 4 + 2*w**2. What is r(m)?
10
Suppose -2*c + 4*c = -4*q + 10, -3*c = 3*q. Let k(b) = -3*b + 10. Calculate k(q).
-5
Let m(p) = 1. Let c(k) = -2*k - 3. Let v(o) = -c(o) + 2*m(o). Give v(-6).
-7
Let q(h) = 6*h**3 - h + 1. Let n be q(1). Let k(b) = 5 - 12 + 1 + 0*b + b + 10. Calculate k(n).
10
Suppose -5*h - 25 = 5. Let o = -35 - -44. Let f(z) = -z**2 - 8*z - 3 + 3 - o. Calculate f(h).
3
Let l = 86 - 81. Let k(w) be the third derivative of 0 + 3*w**2 - 1/24*w**4 + 1/2*w**3 + 0*w. Calculate k(l).
-2
Let s(f) = 5*f**2 - 4*f - 4. Let j(w) = -4*w**2 + 3*w + 4. Let u(z) = 6*j(z) + 5*s(z). Give u(5).
19
Let b(t) = 5*t - 9. Let j = -311 - -317. What is b(j)?
21
Let y(b) be the second derivative of -b**3/2 - 7*b**2/2 + 15*b. Let k(i) = -i**2 + 5*i + 9. Let a be k(7). Give y(a).
8
Suppose 12 = 7*p - 5*p. Let w(h) = -h**2 + 5*h + 5. Calculate w(p).
-1
Let j(r) be the second derivative of r**7/315 + r**6/720 + 5*r**4/12 + 4*r. Let w(c) be the third derivative of j(c). Determine w(-1).
7
Let a(b) = 106*b**2 - 7. Let n(m) = -191*m**2 + 13. Let c(z) = -9*a(z) - 5*n(z). Suppose -5*s = -12 - 3. Give c(s).
7
Let y be 4/(-6) + 1/((-21)/175). Let s(a) = 4*a + 5. Let c(r) = -r - 1. Let k(u) = y*c(u) - 2*s(u). Determine k(0).
-1
Let k be (-27)/(-6)*2/(-3) + 7. Let u(d) = -k*d**2 + 25*d - 25*d + d**3 + 0 + 3. Give u(3).
-6
Let c(n) = -2*n - 33. Let s be c(-13). Let q(m) = m**2 + 5*m + 9. Calculate q(s).
23
Suppose 3*y - 4*b = 1, -3*b + 22 = y - 0*y. Let x(i) = -5*i - 1. Calculate x(y).
-36
Suppose f + 0*f = -1. Let i(v) = -56*v + 1. Let y(c) = 327*c - 7. Let b(u) = 6*i(u) + y(u). Give b(f).
8
Suppose 3*z - 6 - 12 = 0. Let o(b) be the first derivative of -z - 4 + 7*b + 3 - b**2 + 4. Calculate o(6).
-5
Let t be (6/(-5))/(3/(-5)). Let q(l) = l**3 + 7*l**2 + 0 - t*l - 1 + 3. What is q(-7)?
16
Suppose 0 = -4*l - 5*f + 49, -3*l - 2*l - 4*f + 50 = 0. Let d(g) = -4*g**2 - g**2 - 2*g**3 + 2*g**3 - l*g - g**3. Calculate d(-4).
8
Let x(r) = -6*r + 6. Let t(s) = 5*s - 3. Let i(n) = -3*t(n) - 2*x(n). What is i(9)?
-30
Let w(h) = -3*h**2 - 6*h + 8. Let y(v) be the second derivative of -5*v**4/12 - 13*v**3/6 + 8*v**2 + 21*v. Let q(c) = -7*w(c) + 4*y(c). Determine q(8).
-8
Let a = 27 + -33. Let v(p) = 3*p**3 + 4*p**2 - 3*p + 1. Let n(r) = -r**3. Let z(k) = a*n(k) - v(k). Give z(2).
13
Let w be 2*2 + (-3)/(-3). Let m(o) = 15*o**2 + 78*o - 25. Let h(i) = -13*i**2 - 67*i + 22. Let b(j) = 7*h(j) + 6*m(j). Give b(w).
-26
Let x(k) = 7*k**3 + 7*k**2 + 7*k - 1. Let f(m) = -20*m**3 - 21*m**2 - 20*m + 4. Let d(v) = 6*f(v) + 17*x(v). Determine d(-7).
14
Suppose 2*q = -3*l + 5*l - 12, -24 = -3*l - 3*q. Let j = l - 0. Let n(u) = -u**3 + 7*u**2 + 1. What is n(j)?
1
Let m(a) = 2*a - 9. Suppose -4*q + 32*q = 224. Determine m(q).
7
Let t(r) be the third derivative of -r**5/12 + r**4/12 - r**3/2 + 466*r**2. Give t(2).
-19
Let b(p) be the first derivative of p**2/2 + 8*p - 4. Suppose -12 = -n - 19. Give b(n).
1
Let g = 166 + -167. Let p be (2 + (-5)/2)/(g/(-18)). Let k(s) = -4*s + 4*s - s - 11. What is k(p)?
-2
Let r(s) = s**2 + 5*s - 6. Let u be -4 - 2/(-1 - 1) - 4. Give r(u).
8
Let y(l) be the second derivative of 1/12*l**4 - 9/2*l**2 - 5/3*l**3 + 5*l + 0. Let r(g) = -g. Let p(b) = 4*r(b) - y(b). Calculate p(7).
2
Let z = 697 + -698. Let h(o) = 33*o + 1. What is h(z)?
-32
Let v(n) = -n - 1. Suppose -5*d = -0*d. Let g(a) = 9 - 1 + d + 7*a. Let z(t) = g(t) + 6*v(t). Calculate z(-2).
0
Let k(u) = 4 + u - 7 - 6*u - u + 5. Let c = -4 - -8. Suppose 1 - 9 = -c*p. Calculate k(p).
-10
Suppose 4*d = 12, o - 18 = -3*d - 17. Let v(s) = s**2 + 10*s - 12. Give v(o).
-28
Let b = -5 + 8. Let w(k) = 6*k - 8*k**2 + 4*k**2 - b*k - k**2. Calculate w(2).
-14
Let a(u) = u**3 + 3*u**2 + 1. Suppose -3*b = 4*z + 1, 0 = -4*z - 2*b + 2. Suppose -18 = 5*c + z. Calculate a(c).
-15
Let m(o) be the first derivative of o**4/4 + o**3/3 + o**2/2 - 16. Let t(y) = -2*y**3 - 6*y**2 - 8*y + 4. Let b(v) = 3*m(v) + t(v). What is b(3)?
-11
Let k(n) = 3*n + 1 + 1 - 7*n. Let o be ((-88)/10 - -10)/(9/30). Calculate k(o).
-14
Let j(f) = -f**2 + 2*f - 3. Let s = 9 - -5. Suppose -5*l - 2*u = 2*u + 32, 2*u + s = -2*l. Let h = -2 - l. What is j(h)?
-3
Suppose -100 + 40 = 10*u. Let g(r) = -r**3 - 7*r**2 - r + 2. Determine g(u).
-28
Let v(o) = 4*o - 104. Let w be v(26). Let a(z) be the third derivative of 2*z**2 + w*z + 5/6*z**3 + 1/120*z**6 + 0 + 1/12*z**5 + 1/8*z**4. Determine a(-5).
-10
Let a(p) = -5*p - 3. Let u be a(3). Let l = -18 - u. Suppose -2*g - 2 - 12 = l. Let w(s) = -s - 3. Give w(g).
4
Let r be ((-3)/(-6)*28)/2. Suppose -r - 8 = 5*n. Let d = n + 4. Let x(h) = -5*h**3 - h. What is x(d)?
-6
Let h(w) = w**3 + 7*w**2 + 7*w + 5. Let g = -24 - 12. Let y = g + 12. Let j = 18 + y. Determine h(j).
-1
Let h(c) be the first derivative of 11*c**4/4 - 216. Determine h(1).
11
Let h(g) = -g**2 - 16*g - 13. Let f be h(-15). Suppose a + f = 2*a. Let u(d) = -d**3 + 2*d**2 + 1. What is u(a)?
1
Let h(a) = a**2 + a + 5. Let s = -206 + 203. Suppose -2*o - 12 = -3*l, -5*o + 2 = 2*l + 13. Let r be (1 - l) + (-3)/s. Calculate h(r).
5
Let f(c) = -2*c - 1. Suppose 2*j + 5*n = 5, -10 - 6 = -3*j + n. Determine f(j).
-11
Let c(w) be the first derivative of 2*w**2 - 6*w - 645. What is c(10)?
34
Let f = 25 - -3. Let v(a) = -2*a - 4*a + 29 - f. Calculate v(1).
-5
Suppose -201 = -9*y - 192. Let v(l) = 20*l**2 - 2*l + 1. Calculate v(y).
19
Let l(z) = 2*z**2 + 7*z - 15. Let m be l(2). Let u(x) = x - 6. Determine u(m).
1
Let v(c) = -6 + 3*c - c**3 - 8*c**2 + 18*c - 12*c. Give v(-9).
-6
Let g(f) = f**3 + 3*f**2 + f + 1. Let o = 758 - 762. Calculate g(o).
-19
Let p(i) = -i**3 + i**2. Let b = 220 + -120. Let m = b + -101. Calculate p(m).
2
Let k(h) = -h**2 - 5*h + 4. Suppose 4*g = 82 - 18. Let o be (-4)/g + (-46)/8. Calculate k(o).
-2
Let l = -389 - -389. Let p(c) = c**2 + 2 + 0 + 3. Calculate p(l).
5
Let q = 3 - 0. Let n(p) = p**3 + 6*p**2 + 5*p + 3. Let g be n(-5). Let f = g + q. Let s(v) = v**2 - 7*v + 6. Determine s(f).
0
Let m(i) = -3*i + 4. Let a(w) = -5*w + 9. Let t = 15 + -22. Let v(k) = t*m(k) + 4*a(k). What is v(-6)?
2
Let j(g) be the second derivative of -g**5/20 - 7*g**4/12 - 4*g**3/3 - g**2 - 13*g. Let d be (-2)/(-4)*(-72)/6. Determine j(d).
10
Let y(p) = 53*p**3 - 29*p**3 + 11 + 7*p**2 - 25*p**3 + 0*p + 6*p. What is y(8)?
-5
Let f(p) be the first derivative of -p**3/6 + p**2 - 48*p + 30. Let m(n) be the first derivative of f(n). Determine m(8).
-6
Let p(t) = t**2 - 9*t + 8. Let v be p(8). Let l be 1 - 3 - v - 8. Let d = l - -6. Let z(o) = o. Calculate z(d).
-4
Let k be (5/20 - -6) + (-2)/8. Let l(z) = -z**3 + 8*z**2 - 13*z + 5. What is l(k)?
-1
Let r(d) be the third derivative of d**4/12 + d**3/6 + 87*d**2. Determine r(13).
27
Let u(t) = t**3 + 6*t**2 + 4*t - 1. Let d be u(-5). Let w = 0 + d. Let q(f) be the second derivative of -f**4/12 + f**3/3 + f**2/2 + 42*f. Give q(w).
-7
Let x(c) be the first derivative of c**3/3 - c**2/2 - 9*c + 101. Determine x(3).
-3
Suppose l + 0*l = -10. Let x = 12 + l. Let j be (-1 + x + -3)/(-2). Let m(p) = p + 1. Give m(j).
2
Let q be (-29)/(-3) + 10/(-15). Let x be -9 + (-1)/((-3)/q). Let u be x/4 + 77/14. Let f(o) = -o**2 + o + 3. Determine f(u).
-9
Let u(q) = 3*q**3 - 11*q**2 - 5*q + 3. Let m(d) = -4*d**3 + 12*d**2 + 5*d - 3. Let i = 14 - 19. Let s(f) = i*u(f) - 4*m(f). Give s(-6).
3
Let s be (-2 + 2)*4/(-8). Suppose -2*j - 3*j + 4*u + 68 = 0, 2*j + 2*u - 20 = s. Let v(z) = 9*z**2 + 5*z + j*z**2 - 1 - 23*z**2. Give v(4).
-13
Let u(y) = -79*y**2 + y**3 - 85*y**2 + 3*y + 165*y**2 + 3. Determine u(-2).
-7
Let q(b) = b**2 + 5*b + 5. Suppose 20 = 27*g + 74. Give q(g).
-1
Let j(y) = -2*y + 6. Let n be j(6). Let c(o) = 254 + 5*o - 116 + o**2 - 129 + 3*o. Let z be c(n). Let t(s) = s. Calculate t(z).
-3
Let o(n) = 10*n + 9. Let a(i) = 6*i + 8. Let h(s) = 4*a(s) - 3*o